 -7*r**2 + 56*r - 7. Give z(8).
-7
Let q(s) = s**3 - 5*s**2 - 4*s + 4. Determine q(5).
-16
Let j(g) = -g**2 - 7*g - 10. What is j(-7)?
-10
Let q(i) = -2*i - 114. Give q(-29).
-56
Let t(j) = j**2 + 1. Give t(3).
10
Let l(z) = -z**3 - 8*z**2 - 4*z - 4. What is l(-6)?
-52
Let f(w) = w**3 + 14*w**2 + 12*w + 4. What is f(-13)?
17
Let c(p) = p**3 + 8*p**2 - 19*p + 5. Determine c(-10).
-5
Let x(b) = 3*b**2 - 53*b + 25. Give x(17).
-9
Let g(i) = -7*i - 25. What is g(3)?
-46
Let d(o) = -o**3 - 5*o**2 + 12*o + 12. Give d(-7).
26
Let a(b) = b**2 - 8*b + 5. What is a(9)?
14
Let t(r) = -r + 35. What is t(-13)?
48
Let i(s) = s + 41. Calculate i(-20).
21
Let x(q) = q**2 - 8*q + 13. Give x(2).
1
Let n(d) = 3*d**2 + 36*d + 11. What is n(-11)?
-22
Let h(m) = -m**3 - 8*m**2 - 7*m + 4. What is h(-7)?
4
Let d(q) = 2*q - 8. Give d(-12).
-32
Let r(d) = d - 10. Give r(7).
-3
Let l(t) = 4*t. Calculate l(-1).
-4
Let l(d) = d**3 + 3*d**2 - 5*d - 2. What is l(-3)?
13
Let z(l) = l**3 + 15*l**2 + 24*l - 1. What is z(-13)?
25
Let p(c) = c + 4. Give p(10).
14
Let s(o) = -5*o + 10. Give s(1).
5
Let b(j) = j - 9. Give b(14).
5
Let m(z) = -21*z + 37. Calculate m(7).
-110
Let w(q) = -q**3 - 9*q**2 - 2*q - 9. Determine w(-9).
9
Let s(q) = q**2 + 5*q + 2. What is s(4)?
38
Let v(f) = f**2 - 8*f - 6. What is v(8)?
-6
Let o(c) = c**2 + 18*c + 17. What is o(-18)?
17
Let z(l) = -10*l + 6. Give z(-4).
46
Let g(l) = -l**3 - l**2 + 7*l + 6. What is g(-4)?
26
Let x(v) = 2*v**2 + 12*v - 5. Calculate x(-6).
-5
Let w(c) = -c**3 - 2*c**2 - c - 4. What is w(-4)?
32
Let q(b) = b**3 - 13*b**2 - 15*b - 24. Give q(14).
-38
Let a(f) = f**2 - 6*f - 3. Determine a(9).
24
Let q(t) = -5*t**2 - 7. Give q(3).
-52
Let p(y) = -y**2 + 11*y - 13. Determine p(10).
-3
Let b(r) = r**3 + 2*r**2 - 6. What is b(0)?
-6
Let s(g) = 6*g - 63. Determine s(14).
21
Let o(n) = 2*n**2 + 46*n + 46. Calculate o(-22).
2
Let m(g) = -g**2 + 6*g - 27. Calculate m(4).
-19
Let y(c) = 6*c - 98. Calculate y(14).
-14
Let d(q) = -3*q**2 + 7*q - 2. Give d(5).
-42
Let n(x) = -x**3 - 7*x**2 + 5*x + 6. Give n(-8).
30
Let k(r) = 4*r + 74. Calculate k(-15).
14
Let w(x) = 4*x**2 - 25*x - 14. What is w(7)?
7
Let l(k) = -8*k + 53. Determine l(7).
-3
Let p(q) = -q - 6. Calculate p(-8).
2
Let d(y) = 5*y - 83. Calculate d(11).
-28
Let l(a) = 3*a + 6. Give l(-12).
-30
Let n(r) = r**3 + 8*r**2 + 6*r - 3. Calculate n(-7).
4
Let q(j) = j**2 - 5*j + 3. Give q(5).
3
Let h(k) = 6*k + 22. Give h(-8).
-26
Let b(u) = -24*u - 179. Calculate b(-7).
-11
Let f(y) = 8*y - 3. Calculate f(1).
5
Let j(o) = -7*o**2 + 3*o. Determine j(2).
-22
Let c(d) = 4*d + 6. What is c(-1)?
2
Let h(y) = 15*y + 46. Determine h(-3).
1
Let j(q) = -5*q - 29. Calculate j(-9).
16
Let f(x) = -x**3 + 10*x**2 - 2*x + 15. What is f(10)?
-5
Let n(m) = -26*m**2 - m. Calculate n(-1).
-25
Let b(p) = 3*p - 9. Determine b(5).
6
Let x(a) = -a**3 - 4*a**2 + 25*a + 25. Calculate x(-7).
-3
Let u(h) = -13*h - 170. Give u(-13).
-1
Let s(a) = 5*a - 46. Calculate s(11).
9
Let w(v) = -v**3 - 6*v**2 - 3*v - 7. What is w(-5)?
-17
Let b(q) = -q**2 + 16*q + 107. What is b(-5)?
2
Let c(f) = -27*f + 63. What is c(2)?
9
Let b(g) = -7*g**3 + 2*g**2 - 3*g + 3. Give b(2).
-51
Let t(x) = 21*x**3 + x**2 - 6*x + 6. Give t(1).
22
Let n(p) = -p**2 + 11*p + 18. What is n(12)?
6
Let o(i) = -i**3 - 13*i**2 - 11*i + 5. Give o(-12).
-7
Let i(g) = -9*g + 26. Determine i(4).
-10
Let u(o) = -o**2 - 58*o + 309. What is u(5)?
-6
Let a(r) = -r**2 - 5*r + 7. Calculate a(-5).
7
Let b(p) = 13*p**2 - p. Determine b(1).
12
Let j(o) = -8*o. Calculate j(2).
-16
Let s(x) = x + 42. Determine s(-36).
6
Let z(g) = g**2 - 4*g - 1. Give z(-8).
95
Let o(j) = -j**3 - 6*j**2 - 2*j + 12. Calculate o(-5).
-3
Let f(g) = 22*g - 3. Give f(-1).
-25
Let v(q) = -2*q**2 - 2*q - 6. Determine v(-2).
-10
Let u(g) = g - 12. Determine u(10).
-2
Let c(h) = -12*h. Give c(-1).
12
Let z(a) = a**3 + a**2 - a + 1. What is z(-3)?
-14
Let b(r) = -2*r**3 + 10*r**2 - 4. Calculate b(5).
-4
Let s(n) = -n**2 - 55*n - 204. What is s(-51)?
0
Let y(g) = -g**3 - 7*g**2 - 6. Calculate y(-7).
-6
Let x(u) = u + 4. Give x(-6).
-2
Let x(t) = 5*t + 18. Give x(-21).
-87
Let m(h) = 6*h + 10. Determine m(5).
40
Let k(h) = 77*h - 305. Calculate k(4).
3
Let v(a) = -a**3 - a**2 - 4*a - 11. What is v(-2)?
1
Let h(w) = 5*w + 61. Calculate h(-12).
1
Let a(t) = -t**3 - 6*t**2 + 10*t + 1. Give a(-7).
-20
Let i(j) = 54*j - 550. Determine i(10).
-10
Let a(x) = -x**3 + 14*x**2 + 14*x + 12. Calculate a(15).
-3
Let f(w) = w**3 - 3*w**2 - 6*w + 7. Determine f(5).
27
Let c(h) = 10*h**2 + h. What is c(-1)?
9
Let j(i) = -i**2 + 28*i - 102. What is j(24)?
-6
Let m(r) = r**2 + 3*r + 3. Give m(-2).
1
Let b(s) = s**3 + s**2 - 16*s - 11. Determine b(-4).
5
Let i(n) = n**2 + 9*n + 9. What is i(-8)?
1
Let g(m) = -5*m - 9. Calculate g(0).
-9
Let o(s) = -5*s**2 + 2*s + 1. Give o(-1).
-6
Let o(i) = -i**3 + 5*i - 7. Give o(2).
-5
Let d(k) = 2*k + 1. Calculate d(3).
7
Let o(k) = 2*k**2 - 4*k + 4. Calculate o(3).
10
Let j(b) = b**3 - 7*b**2 + 5*b - 5. What is j(5)?
-30
Let a(i) = i**3 + 26*i**2 - 2*i - 70. Calculate a(-26).
-18
Let s(d) = -2*d**2 + 3*d + 10. What is s(-3)?
-17
Let j(s) = -3*s**3 + 28*s**2 - 9*s + 3. Calculate j(9).
3
Let y(q) = q**3 - 5*q**2 + 8*q - 4. What is y(3)?
2
Let y(j) = -j**2 + 4*j + 6. Determine y(5).
1
Let s(m) = -6*m - 73. Give s(-20).
47
Let w(t) = t**2 + t - 10. Calculate w(-4).
2
Let d(v) = 2*v**2 + 10*v - 48. Give d(-8).
0
Let l(h) = 10*h + 4. Determine l(0).
4
Let z(k) = -k**2 + 34*k + 191. What is z(40)?
-49
Let m(a) = 5*a + 58. What is m(-14)?
-12
Let h(c) = 2*c**2 + 7*c - 48. What is h(-8)?
24
Let y(p) = p**2 + 3*p - 22. What is y(0)?
-22
Let t(k) = -k**2 - 120*k - 463. Calculate t(-4).
1
Let s(v) = v**2 + 13*v + 5. Calculate s(-7).
-37
Let d(o) = 8*o - 3. Calculate d(5).
37
Let v(f) = 10*f + 5. What is v(4)?
45
Let j(s) = -26*s - 103. What is j(-4)?
1
Let x(f) = -20*f**2 - 2*f + 1. Give x(1).
-21
Let n(c) = 4*c + 5. What is n(-7)?
-23
Let g(l) = 3*l**2 - 27*l + 23. Determine g(11).
89
Let v(h) = -h**3 - h**2 + h + 22. Give v(0).
22
Let n(d) = 3*d - 170. Determine n(40).
-50
Let m(y) = y**2 + 22. Give m(0).
22
Let s(k) = -5*k - 2. Determine s(-4).
18
Let y(b) = -b**3 + 14*b**2 - 22*b + 131. What is y(13)?
14
Let s(b) = b**3 + 14*b**2 + 6*b - 10. Determine s(-13).
81
Let z(j) = -j**3 + 10*j**2 - 10*j + 3. Give z(9).
-6
Let y(b) = -b**3 - b + 4. Give y(0).
4
Let b(y) = -y**2 + 7*y + 66. Calculate b(-9).
-78
Let p(q) = 13*q - 39. Calculate p(4).
13
Let p(r) = -3*r - 7. Calculate p(8).
-31
Let i(v) = v**3 + 8*v**2 - 11*v - 15. Give i(-9).
3
Let c(w) = -w**2 + 19*w + 11. What is c(21)?
-31
Let n(y) = -y**2 - 3*y - 5. Calculate n(0).
-5
Let r(i) = i**3 - 7*i**2 + 5*i + 6. What is r(6)?
0
Let v(j) = -6*j + 17. What is v(4)?
-7
Let x(c) = -17*c - 13. Calculate x(8).
-149
Let u(f) = 2*f**2 - 6*f + 21. Determine u(5).
41
Let c(w) = -w**2 + 19*w - 40. Give c(17).
-6
Let x(d) = d - 14. Calculate x(9).
-5
Let a(n) = n**3 - 16*n**2 + 17*n - 24. What is a(15)?
6
Let m(h) = h + 10. What is m(-5)?
5
Let w(j) = -5*j. Give w(-2).
10
Let x(p) = -p**3 - 12*p**2 - p - 16. Determine x(-12).
-4
Let g(d) = -4*d - 7. Determine g(-4).
9
Let i(h) = -13*h + 6. Give i(4).
-46
Let i(p) = -p**3 - 6*p**2 - 2*p + 32. What is i(-6)?
44
Let g(w) = -w + 9. Calculate g(3).
6
Let k(a) = -2*a**2 - 2*a - 4. Give k(-2).
-8
Let y(q) = -q**3 + 5*q**2 - 3*q + 7. Give y(5).
-8
Let i(f) = -f**3 + 23*f**2 - 3*f + 72. What is i(23)?
3
Let z(u) = -5*u + 73. Give z(15).
-2
Let s(t) = -t**3 - 15*t**2 + t - 8. Calculate s(-15).
-23
Let q(z) = 27*z + 1. Determine q(-1).
-26
Let g(i) = -i**2 + 30*i - 85. What is g(27)?
-4
Let d(t) = 9*t + 12. Calculate d(-1).
3
Let u(v) = v**3 + 2*v**2 - 9*v + 30. Determine u(-5).
0
Let y(b) = b**2 + 23*b + 8. Give y(-23).
8
Let z(k) = k**3 - 6*k**2 - 4*k + 8. What is z(6)?
-16
Let b(n) = n**3 + 6*n**2 + 8*n + 1. Determine b(-4).
1
Let o(y) = -y**3 + 13*y**2 - 23*y - 1. Determine o(11).
-12
Let s(v) = v**3 + v**2 + v + 2. What is s(-2)?
-4
Let m(z) = -z**3 + 10*z**2 - 17*z + 9. Give m(8).
1
Let a(f) = -f**2 + 2*f + 48. Determine a(8).
0
Let c(y) = 5*y + 77. Calculate c(-23).
-38
Let n(u) = 2*u + 25. What is n(11)?
47
Let m(a) = a**3 + 5*a**2 - 3*a + 13. Calculate m(-6).
-5
Let x(z) = z**3 + z**